he hundreds digit of t?
3
Suppose -10*k = 14*k - 696. Suppose -k*j + 3692 = -16057. What is the tens digit of j?
8
Let h(o) = 5*o**3 - 14*o**2 + 14*o - 11. Let x(s) = -6*s**3 + 13*s**2 - 14*s + 13. Let g(v) = -5*h(v) - 4*x(v). What is the hundreds digit of g(16)?
2
Suppose 0 = 6*q + 5*a - 224050, -10*q + 2*a = -5*q - 186733. What is the hundreds digit of q?
3
Let p be (-2)/((-4)/(-6))*(-4)/3. Suppose 0 = p*q + 5*q. Suppose t - 5*x = -q*t + 78, 3*t - 170 = -x. What is the units digit of t?
8
What is the units digit of (-586*(-17)/(-119))/(4/(-1106))?
7
Let f = 4718 + 1710. What is the thousands digit of f?
6
Let x = -999 + -1132. Let a = -963 - x. What is the hundreds digit of a?
1
Let y(l) = -l**3 - 5*l**2 + l + 6699. What is the tens digit of y(0)?
9
What is the tens digit of ((-90)/120)/(0 + (-9)/9456)?
8
Suppose -230 = -5*t - m, 0 = 2*t - 4*m + 8*m - 92. Suppose t*w - 1854 = 43*w. What is the tens digit of w?
1
Suppose 60*n - 57*n = 5*r - 144469, -28893 = -r + n. What is the units digit of r?
5
What is the units digit of 4/12 - 1418648/(-147)?
1
Let k = -13211 + 18757. Suppose 0 = -16*f + k - 202. What is the tens digit of f?
3
Suppose -250562 = -36*g + 29*g - 72972. What is the tens digit of g?
7
Let g(i) = -18 + 52*i + 3 - 13*i. Suppose -22*n + 58 + 1 = 15. What is the tens digit of g(n)?
6
Let g(x) = -11*x + 15. Let s be g(-5). Suppose 0 = s*q - 65*q - 2065. What is the tens digit of q?
1
Let t = -833 + 1672. Let n be t/9 - 32/144. Suppose s - 79 = -5*r, 3*s = s + 3*r + n. What is the units digit of s?
4
Let l be 16/72 - (3 - 2922/(-27)). Let p = -102 - l. What is the units digit of 30/135 - ((-52)/p - -1)?
5
Let d(h) = -2*h**2 - 56*h - 52. Let a be 123*5/(-25) + (-14)/35. What is the units digit of d(a)?
8
Suppose -4282059 = -272*s + 3285835 - 544582. What is the hundreds digit of s?
8
Let r be 6244/18 + 10/90. Let v(c) = c**3 + 11*c**2 + 19*c + 11. Let z be v(-9). Suppose 2*l + 5*h - 349 = 0, -z*l + r = -h + 4*h. What is the tens digit of l?
7
Let p(c) = -c**2 + 10*c - 14. Let g be p(6). Suppose 4304 = -2*w + g*w. What is the tens digit of w?
3
Suppose 9*m - 53 = 46. Suppose -2 = m*x - 2. Let d(y) = -8*y + 37. What is the units digit of d(x)?
7
Let k be -2*34/(-16) + 7/(-28). Let o(z) = -z + 4. Let r be o(k). Suppose r = -3*s + 3*b + 141, -s + 8 = 4*b - 19. What is the units digit of s?
3
Suppose -l + 5207 + 2053 = -3437. What is the thousands digit of l?
0
Suppose 3*b + 22518 = 3*m - 0*b, -7*b = 4*m - 30068. What is the tens digit of m?
1
Suppose 5*b - 45 = -4*z, -2*z + 5*z + 4*b - 35 = 0. Suppose -5*i + 4*s + 244 = 0, 2*i - 62 - 39 = z*s. What is the tens digit of 1 + ((-24)/(-32))/(2/i)?
1
Let y = -54042 - -90778. What is the hundreds digit of y?
7
What is the thousands digit of (-228)/(-38) + (1266 + -3)*1?
1
Let y(u) = 49 + 90*u**2 - 18*u - 84 + 123. What is the thousands digit of y(4)?
1
Let q = 2442 + -1434. Suppose 0 = -w + 8*w + q. Let r = w + 384. What is the hundreds digit of r?
2
Let k(l) = 2126*l**2 - 50*l + 231. What is the thousands digit of k(4)?
4
Suppose -i + 2*l + 7 = 30, 2*i = -l - 26. What is the hundreds digit of (-2)/6*89*i?
4
Let y = 55101 + -35152. What is the hundreds digit of y?
9
Let f be 2292/(-20)*((-45)/3)/3. Let w = 393 + f. What is the hundreds digit of w?
9
What is the thousands digit of (-7548)/((-7)/2 + 11 + -9)?
5
What is the hundreds digit of 65/(1365/(-18))*271138/(-3)?
4
Suppose 55*a + 3564 = 187*a. Let n(x) = 106*x**2 - 4*x - 5. Let f be n(5). Suppose -12*s - f = -a*s. What is the tens digit of s?
7
Suppose 0 = -42*z + 46232 + 134914. What is the thousands digit of z?
4
Suppose 4*t - 5*i = 28, -2*t + i + 8 = -0*i. Suppose -t*m + 504 = -348. What is the tens digit of m?
2
Let v = -32 + 48. Suppose v*y = 15539 - 2019. What is the tens digit of y?
4
Let o(l) = l**3 - 8*l**2 + 20*l - 12. Suppose 0 = t - 4*m + 9*m - 35, -m + 5 = 0. What is the tens digit of o(t)?
8
Let p(n) = 6*n**2 - 2*n - 21. Let w(o) = 6*o**2 - o - 22. Let y(r) = 5*p(r) - 4*w(r). Let b be y(5). Let f = b - -2. What is the units digit of f?
5
Let b = -483 + 483. Suppose b = 28*t - 21*t - 1722. What is the units digit of t?
6
Let g(p) = -5*p - p**3 + 3*p + 0*p - 15*p**2 - 120 + 97. What is the units digit of g(-15)?
7
What is the tens digit of (-12)/(29/((-797877)/18))?
4
Suppose 5*t - 10 = 0, 2*w + 2 = -4*t + 9*t. Suppose -4*m - 2*v + 2691 = m, -w*v + 1609 = 3*m. What is the tens digit of m?
3
Let o(x) = x**3 - 12*x**2 + 16*x - 15. Suppose 3*g + q - 2*q = 33, 0 = -4*q + 12. What is the hundreds digit of o(g)?
1
Let l(i) = -499*i + 277. What is the hundreds digit of l(-17)?
7
Let a(q) = -578*q**3 + 3*q**2 - 4*q - 29. What is the thousands digit of a(-4)?
7
Let m = 27 + -27. Suppose m = -11*k + 6*k + 700. Suppose 135 + k = 5*l + c, -4*c = 20. What is the units digit of l?
6
Suppose 9*i - 6*i + 4*y = 27, 0 = 4*i - 4*y - 8. Suppose -5*j + 2455 = 5*a, 0 = 2*j - 2*a + i*a - 979. What is the units digit of j?
4
Let u(m) = 14*m**2 - 4*m**2 - m**3 - 4*m + 8 + m + m. Let p be u(10). Let g = 31 + p. What is the tens digit of g?
1
Suppose -4*v - 19*y = -21*y - 15154, 5*v = -4*y + 18949. What is the units digit of v?
9
Let q(y) = 3042*y + 2179. What is the hundreds digit of q(7)?
4
Suppose -36*y + 188 = -35*y. Let a = 377 - y. What is the tens digit of a?
8
What is the tens digit of -2*11/(-22)*5998?
9
Let k be -2*(-1 - 462/12). Let g = k + 212. What is the tens digit of g?
9
Let w(s) = 10*s**2 - 5*s + 2. Let c be w(2). Suppose c*i + 75 = 33*i. Suppose 6*n = 645 + i. What is the tens digit of n?
2
Suppose 24*c = 43*c - 665. What is the units digit of 83 + (-35)/(c/5)?
8
Suppose 2*m - 29301 = -5*g - 108, -g - 3*m + 5836 = 0. What is the thousands digit of g?
5
Let o(c) be the second derivative of 116*c**3/3 - 19*c**2/2 + 10*c + 6. What is the units digit of o(3)?
7
Let l = -50989 - -110594. What is the units digit of l?
5
Let u(l) = l**2 - 19. Let k be u(-5). Suppose 3*f - 10 + 1 = 0. Suppose -4*s = -k*s + w + 143, 4*s - f*w = 287. What is the tens digit of s?
7
Let c be ((-3 - 48/(-9)) + -2)*-9. Let b be ((-1128)/18*c)/(0 - -1). Suppose r + r = b. What is the tens digit of r?
9
Suppose 2559*s - 2618*s + 2532221 = 0. What is the hundreds digit of s?
9
Let s be (-6*4/8)/(-1). Suppose 6*h - 442 = 5*h + 5*t, 4*h = -s*t + 1814. What is the hundreds digit of h?
4
Suppose 85*i - 81*i = 1324. Let b = i + -174. What is the tens digit of b?
5
Suppose 32*r - 6*r - 16432 = 0. What is the hundreds digit of r?
6
Let i(p) = 77*p**2 + p. Let z be i(-1). Suppose -15*x - 3*f = -11*x - 624, 0 = 3*x + f - 473. Let w = x + z. What is the hundreds digit of w?
2
Suppose -2*w + 90563 = j, 3*w + 135894 = 6*w - 4*j. What is the hundreds digit of w?
2
Suppose m - 3 = 3*r, -2*m + m + r + 3 = 0. Suppose -1159 - 296 = -m*k. What is the units digit of k?
5
Suppose 23567 + 33651 = 5*l - 3*m, -5*l + 2*m + 57212 = 0. What is the tens digit of l?
4
Let h(a) = 7*a**2 + 3*a + 31. Suppose -19*n = -21*n - 14. What is the hundreds digit of h(n)?
3
Let m(z) = 3992*z + 510. What is the tens digit of m(2)?
9
Suppose -38*m = -34*m - 12. What is the hundreds digit of 3639/9 + m/(-9)?
4
What is the thousands digit of (-80260)/(-13) + (-92)/(-598)?
6
Suppose 2*o = -5*c - 1922, -2783 + 858 = 5*c + 5*o. Let w = -41 - c. What is the units digit of w?
3
What is the units digit of 4490/(-20)*-1*24?
8
Let s = 136 - 151. Let a(f) = 8*f**2 - 18*f - 12. Let l be a(s). Suppose 502 = 10*k - l. What is the tens digit of k?
5
Let o be 40*3/168*7. Suppose -2*j - 5*t = -618, 5*j - o*t - 1353 = 262. What is the units digit of j?
9
Suppose -4*f + 69352 = 8*u, 2*u + 86702 = 5*f + 6*u. What is the tens digit of f?
4
Let v(d) = 14*d**3 - 3*d**2 + d - 2. Let h be v(2). Suppose -16*a + 17 = -319. Let m = h - a. What is the units digit of m?
9
What is the hundreds digit of 36/(-66) + 202430/220*26?
9
Suppose -3*w + b = 1570, 0*w + 3*b + 2115 = -4*w. Suppose 26 - 44 = -6*c. What is the hundreds digit of (0 - -3) + w/(-2 - c)?
1
Let i(a) = a**2 + 8*a - 6. Let y be -6*(2 - 1/2). Let j be i(y). Suppose -5*z + j*z + 52 = 0. What is the units digit of z?
6
Let j(t) = -t**2 + 9*t + 2. Let o be j(9). Let p(m) be the third derivative of m**4/8 + m**3 + 4*m**2. What is the tens digit of p(o)?
1
Suppose 0 = 6*u - 201 +